{"id":3364,"date":"2013-12-04T13:30:29","date_gmt":"2013-12-04T12:30:29","guid":{"rendered":"http:\/\/www.icr.rs\/m\/?page_id=3364"},"modified":"2013-12-04T14:38:44","modified_gmt":"2013-12-04T13:38:44","slug":"valassz-magadnak-sportot","status":"publish","type":"page","link":"http:\/\/www.icr.rs\/m\/projektek\/valassz-magadnak-sportot\/","title":{"rendered":"V\u00e1lassz magadnak sportot!"},"content":{"rendered":"<p>A Tisza Menti Inform\u00e1ci\u00f3s Fejleszt\u00e9si K\u00f6zpont (ICR) a hordoz\u00f3ja a &#8220;V\u00e1lassz magadnak sportot!&#8221; elnevez\u00e9s\u0171 projektumnak, amely a tartom\u00e1nyi Sport \u00e9s Ifj\u00fas\u00e1gi Titk\u00e1rs\u00e1g t\u00e1mogat\u00e1s\u00e1val val\u00f3sult meg. a projektum r\u00e9szek\u00e9nt egy testnevel\u0151 tan\u00e1rokb\u00f3l, pszichol\u00f3gusb\u00f3l \u00e9s gyermekorvosokb\u00f3l \u00e1ll\u00f3 szakmai csoport k\u00e9rd\u0151\u00edvet dolgozott ki, amely az \u00e1ltal\u00e1nos iskol\u00e1sok sportol\u00e1si szok\u00e1saira ir\u00e1nyult. A k\u00e9rd\u0151\u00edveket j\u00faniusban t\u00f6lt\u00f6tt\u00e9k ki minden \u00e1ltal\u00e1nos iskol\u00e1ban, majd ny\u00e1ron egy egyetemist\u00e1kb\u00f3l \u00e1ll\u00f3 csoport seg\u00edts\u00e9g\u00e9vel a szakmai csapat elemezte \u00e9s ki\u00e9rt\u00e9kelte az eredm\u00e9nyeket. Tov\u00e1bb\u00e1, a projektum keretein bel\u00fcl, a k\u00f6zs\u00e9gben m\u0171k\u00f6d\u0151 sportegyes\u00fcletek, a felt\u00e9telekre \u00e9s a sport infrastrukt\u00far\u00e1ra ir\u00e1nyul\u00f3 k\u00e9rd\u0151\u00edves kutat\u00e1sban vettek r\u00e9szt. A projektum v\u00e9gs\u0151 c\u00e9lja egy akci\u00f3terv kidolgoz\u00e1sa volt, amely a sport fejleszt\u00e9s\u00e9t hivatott szolg\u00e1lni a k\u00f6zs\u00e9g ter\u00fclet\u00e9n.<\/p>\n<p>A 730 iskol\u00e1st fel\u00f6lel\u0151 kutat\u00e1s folyam\u00e1n kider\u00fclt, hogy a gyerekek 40,5 sz\u00e1zal\u00e9ka egy\u00e1ltal\u00e1n nem sportol. A magyarkanizsai Eg\u00e9szs\u00e9gh\u00e1z 2012-ben \u00f6sszegy\u0171jt\u00f6tt adatai szerint a gyerekek 20 sz\u00e1zal\u00e9ka szenved valamif\u00e9le deformit\u00e1sban.<\/p>\n<p>A felm\u00e9r\u00e9s r\u00e9szletes eredm\u00e9nyeit, a m\u00e1r hagyom\u00e1nyosnak mondhat\u00f3 Sportv\u00e1laszt\u00f3 nap, amely 2013-ban e projektum keretein bel\u00fcl ker\u00fclt megszervez\u00e9sre \u00e9s a Sport piac elnevez\u00e9st kapta, mutatt\u00e1k be a szakmai csoport tagjai. a rendezv\u00e9nyre 2013. okt\u00f3ber 11-\u00e9n ker\u00fclt sor a magyarkanizsai MMIK Besz\u00e9des J\u00f3zsef k\u00f6z\u00e9piskola tornaterm\u00e9ben. Ez a rendezv\u00e9ny a K\u00f6zs\u00e9gi sportsz\u00f6vets\u00e9g \u00e9s tagjai, az Ifj\u00fas\u00e1gi Iroda \u00e9s a magyarkanizsai \u00f6nkorm\u00e1nyzat egy\u00fcttm\u0171k\u00f6d\u00e9sek\u00e9nt j\u00f6tt l\u00e9tre, \u00e9s az ICR nyertes p\u00e1ly\u00e1zat\u00e1nak k\u00f6sz\u00f6nhet\u0151en kib\u0151v\u00fclt egy t\u00f6bb r\u00e9szb\u0151l \u00e1ll\u00f3 kutat\u00f3 munk\u00e1val.<\/p>\n<p>A Sport piac keretein bel\u00fcl a sport klubok bemutatt\u00e1k a saj\u00e1t tev\u00e9kenys\u00e9geiket, sport\u00e1gaikat, az ide l\u00e1togat\u00f3 gyerekek pedig mindezt kipr\u00f3b\u00e1lhatt\u00e1k.<\/p>\n<p>A sz\u00fcl\u0151k r\u00e9szv\u00e9tele is nagyon fontos volt, hiszen a rendezv\u00e9ny kiv\u00e1l\u00f3 lehet\u0151s\u00e9get adott arra, hogy elbesz\u00e9lgessenek a sportmunk\u00e1sokkal, edz\u0151kkel \u00e9s szakemberekkel, \u00e9s ily m\u00f3don tudom\u00e1st szerezhettek a sportol\u00e1si lehet\u0151s\u00e9gekr\u0151l, tan\u00e1csot k\u00e9rhettek a szakemberekt\u0151l azzal kapcsolatban, hogy gyermek\u00fcknek melyik mozg\u00e1sforma felel meg legink\u00e1bb.<\/p>\n<p><a href=\"http:\/\/www.icr.rs\/m\/wp-content\/uploads\/2013\/12\/valassz-magadnak-sportot.jpg\"><img loading=\"lazy\" decoding=\"async\" class=\"alignnone size-medium wp-image-3366\" alt=\"valassz magadnak sportot\" src=\"http:\/\/www.icr.rs\/m\/wp-content\/uploads\/2013\/12\/valassz-magadnak-sportot-231x300.jpg\" width=\"231\" height=\"300\" srcset=\"http:\/\/www.icr.rs\/m\/wp-content\/uploads\/2013\/12\/valassz-magadnak-sportot-231x300.jpg 231w, http:\/\/www.icr.rs\/m\/wp-content\/uploads\/2013\/12\/valassz-magadnak-sportot.jpg 640w\" sizes=\"auto, (max-width: 231px) 100vw, 231px\" \/><\/a><\/p>\n","protected":false},"excerpt":{"rendered":"<p>A Tisza Menti Inform\u00e1ci\u00f3s Fejleszt\u00e9si K\u00f6zpont (ICR) a hordoz\u00f3ja a &#8220;V\u00e1lassz magadnak sportot!&#8221; elnevez\u00e9s\u0171 projektumnak, amely a tartom\u00e1nyi Sport \u00e9s Ifj\u00fas\u00e1gi Titk\u00e1rs\u00e1g t\u00e1mogat\u00e1s\u00e1val val\u00f3sult meg. a projektum r\u00e9szek\u00e9nt egy testnevel\u0151 tan\u00e1rokb\u00f3l, pszichol\u00f3gusb\u00f3l \u00e9s gyermekorvosokb\u00f3l \u00e1ll\u00f3 szakmai csoport k\u00e9rd\u0151\u00edvet dolgozott ki, amely az \u00e1ltal\u00e1nos iskol\u00e1sok sportol\u00e1si szok\u00e1saira ir\u00e1nyult. A k\u00e9rd\u0151\u00edveket j\u00faniusban t\u00f6lt\u00f6tt\u00e9k ki minden \u00e1ltal\u00e1nos iskol\u00e1ban, [&hellip;]<\/p>\n","protected":false},"author":2,"featured_media":0,"parent":2096,"menu_order":2,"comment_status":"closed","ping_status":"open","template":"template-1column.php","meta":{"footnotes":""},"class_list":["post-3364","page","type-page","status-publish","hentry"],"_links":{"self":[{"href":"http:\/\/www.icr.rs\/m\/wp-json\/wp\/v2\/pages\/3364","targetHints":{"allow":["GET"]}}],"collection":[{"href":"http:\/\/www.icr.rs\/m\/wp-json\/wp\/v2\/pages"}],"about":[{"href":"http:\/\/www.icr.rs\/m\/wp-json\/wp\/v2\/types\/page"}],"author":[{"embeddable":true,"href":"http:\/\/www.icr.rs\/m\/wp-json\/wp\/v2\/users\/2"}],"replies":[{"embeddable":true,"href":"http:\/\/www.icr.rs\/m\/wp-json\/wp\/v2\/comments?post=3364"}],"version-history":[{"count":4,"href":"http:\/\/www.icr.rs\/m\/wp-json\/wp\/v2\/pages\/3364\/revisions"}],"predecessor-version":[{"id":3369,"href":"http:\/\/www.icr.rs\/m\/wp-json\/wp\/v2\/pages\/3364\/revisions\/3369"}],"up":[{"embeddable":true,"href":"http:\/\/www.icr.rs\/m\/wp-json\/wp\/v2\/pages\/2096"}],"wp:attachment":[{"href":"http:\/\/www.icr.rs\/m\/wp-json\/wp\/v2\/media?parent=3364"}],"curies":[{"name":"wp","href":"https:\/\/api.w.org\/{rel}","templated":true}]}}

Válassz magadnak sportot!

<p>A Tisza Menti Információs Fejlesztési Központ (ICR) a hordozója a &#8220;Válassz magadnak sportot!&#8221; elnevezésű projektumnak, amely a tartományi Sport és Ifjúsági Titkárság támogatásával valósult meg. a projektum részeként egy testnevelő tanárokból, pszichológusból és gyermekorvosokból álló szakmai csoport kérdőívet dolgozott ki, amely az általános iskolások sportolási szokásaira irányult. A kérdőíveket júniusban töltötték ki minden általános iskolában, majd nyáron egy egyetemistákból álló csoport segítségével a szakmai csapat elemezte és kiértékelte az eredményeket. Továbbá, a projektum keretein belül, a községben működő sportegyesületek, a feltételekre és a sport infrastruktúrára irányuló kérdőíves kutatásban vettek részt. A projektum végső célja egy akcióterv kidolgozása volt, amely a sport fejlesztését hivatott szolgálni a község területén.</p>
<p>A 730 iskolást felölelő kutatás folyamán kiderült, hogy a gyerekek 40,5 százaléka egyáltalán nem sportol. A magyarkanizsai Egészségház 2012-ben összegyűjtött adatai szerint a gyerekek 20 százaléka szenved valamiféle deformitásban.</p>
<p>A felmérés részletes eredményeit, a már hagyományosnak mondható Sportválasztó nap, amely 2013-ban e projektum keretein belül került megszervezésre és a Sport piac elnevezést kapta, mutatták be a szakmai csoport tagjai. a rendezvényre 2013. október 11-én került sor a magyarkanizsai MMIK Beszédes József középiskola tornatermében. Ez a rendezvény a Községi sportszövetség és tagjai, az Ifjúsági Iroda és a magyarkanizsai önkormányzat együttműködéseként jött létre, és az ICR nyertes pályázatának köszönhetően kibővült egy több részből álló kutató munkával.</p>
<p>A Sport piac keretein belül a sport klubok bemutatták a saját tevékenységeiket, sportágaikat, az ide látogató gyerekek pedig mindezt kipróbálhatták.</p>
<p>A szülők részvétele is nagyon fontos volt, hiszen a rendezvény kiváló lehetőséget adott arra, hogy elbeszélgessenek a sportmunkásokkal, edzőkkel és szakemberekkel, és ily módon tudomást szerezhettek a sportolási lehetőségekről, tanácsot kérhettek a szakemberektől azzal kapcsolatban, hogy gyermeküknek melyik mozgásforma felel meg leginkább.</p>
<p><a href="http://www.icr.rs/m/wp-content/uploads/2013/12/valassz-magadnak-sportot.jpg"><img loading="lazy" decoding="async" class="alignnone size-medium wp-image-3366" alt="valassz magadnak sportot" src="http://www.icr.rs/m/wp-content/uploads/2013/12/valassz-magadnak-sportot-231x300.jpg" width="231" height="300" srcset="http://www.icr.rs/m/wp-content/uploads/2013/12/valassz-magadnak-sportot-231x300.jpg 231w, http://www.icr.rs/m/wp-content/uploads/2013/12/valassz-magadnak-sportot.jpg 640w" sizes="auto, (max-width: 231px) 100vw, 231px" /></a></p>

<p>A Tisza Menti Információs Fejlesztési Központ (ICR) a hordozója a &#8220;Válassz magadnak sportot!&#8221; elnevezésű projektumnak, amely a tartományi Sport és Ifjúsági Titkárság támogatásával valósult meg. a projektum részeként egy testnevelő tanárokból, pszichológusból és gyermekorvosokból álló szakmai csoport kérdőívet dolgozott ki, amely az általános iskolások sportolási szokásaira irányult. A kérdőíveket júniusban töltötték ki minden általános iskolában, [&hellip;]</p>
