{"id":3157,"date":"2013-02-21T12:30:33","date_gmt":"2013-02-21T11:30:33","guid":{"rendered":"http:\/\/www.icr.rs\/m\/?page_id=3157"},"modified":"2018-12-07T14:21:41","modified_gmt":"2018-12-07T13:21:41","slug":"partner-szervezetek","status":"publish","type":"page","link":"http:\/\/www.icr.rs\/m\/rolunk\/partner-szervezetek\/","title":{"rendered":"Partnerszervezetek"},"content":{"rendered":"<ul>\n<li><strong>A Szerb K\u00f6zt\u00e1rsas\u00e1g Korm\u00e1nya<\/strong> \u2013 <a href=\"http:\/\/www.srbija.gov.rs\/?change_lang=sr\">www.srbija.gov.rs<\/a><\/li>\n<\/ul>\n<ul>\n<li><strong>Vajdas\u00e1g Auton\u00f3m Tartom\u00e1ny Korm\u00e1nya<\/strong> \u2013 <a href=\"http:\/\/www.vojvodina.gov.rs\/\">www.vojvodina.gov.rs<\/a><\/li>\n<\/ul>\n<ul>\n<li><strong>Magyarkanizsa k\u00f6zs\u00e9g<\/strong> \u2013 <a href=\"http:\/\/www.kanjiza.rs\/\">www.kanjiza.rs<\/a><br \/>\nMagyarkanizsa k\u00f6zs\u00e9g hivatalos honlapja.<\/li>\n<\/ul>\n<ul>\n<li><strong>CNESA OMI<\/strong> \u2013 <a href=\"http:\/\/www.cnesa.rs\/\">www.cnesa.rs<\/a><br \/>\nOktat\u00e1si \u00e9s M\u0171vel\u0151d\u00e9si Int\u00e9zm\u00e9ny<\/li>\n<\/ul>\n<ul>\n<li><strong>Vajdas\u00e1g Fejleszt\u00e9si \u00dcgyn\u00f6ks\u00e9ge<\/strong> \u2013 <a href=\"http:\/\/rav.org.rs\/a\/\">http:\/\/rav.org.rs<\/a><\/li>\n<\/ul>\n<ul>\n<li><strong>RCR \u201eBanat\u201c<\/strong> \u2013 <a href=\"http:\/\/www.banat.rs\/\">www.banat.rs<\/a><br \/>\nRegion\u00e1lis gazdas\u00e1gfejleszt\u00e9si int\u00e9zm\u00e9ny<\/li>\n<\/ul>\n<ul>\n<li><strong>SKGO<\/strong> \u2013 <a href=\"http:\/\/www.skgo.org\/\">www.skgo.org<\/a><br \/>\nV\u00e1rosok \u00e9s K\u00f6zs\u00e9gek \u00c1lland\u00f3 \u00c9rtekezlete \u2013 A helyi \u00e9rdekek k\u00e9pviselete a strat\u00e9giai ir\u00e1nyvonalak meghat\u00e1roz\u00e1sakor \u00e9s a helyi \u00f6nkorm\u00e1nyzatokat \u00e9rint\u0151 el\u0151\u00edr\u00e1sok meghozatalakor.<\/li>\n<\/ul>\n<ul>\n<li><strong>Az Eur\u00f3pai Uni\u00f3 K\u00fcld\u00f6tts\u00e9ge Szerbi\u00e1ban<\/strong> \u2013 <a href=\"http:\/\/www.europa.rs\/\">www.europa.rs<\/a><br \/>\nInform\u00e1ci\u00f3k az Eur\u00f3pai Uni\u00f3r\u00f3l, a Szerbi\u00e1val val\u00f3 kapcsolatr\u00f3l \u00e9s a b\u0151v\u00edt\u00e9si folyamatokr\u00f3l.<\/li>\n<\/ul>\n<ul>\n<li><strong>Eur\u00f3pai Integr\u00e1ci\u00f3s Miniszt\u00e9rium<\/strong>\u2013 <a href=\"www.mei.gov.rs\">www.mei.gov.rs<\/a><br \/>\nAz Eur\u00f3pai Uni\u00f3hoz val\u00f3 csatlakoz\u00e1ssal kapcsolatos szakmai, adminisztrat\u00edv \u00e9s operat\u00edvfeladatok v\u00e9gz\u00e9se a Korm\u00e1ny ig\u00e9nyinek megfelel\u0151en.<\/li>\n<\/ul>\n<p><strong>USAID<\/strong> \u2013 <a href=\"https:\/\/www.usaid.gov\/serbia\">https:\/\/www.usaid.gov\/serbia<\/a><br \/>\nAz Egyes\u00fclt \u00c1llamok Nemzetk\u00f6zi Fejleszt\u00e9si Hivatala.<\/p>\n<ul>\n<li><strong>BTC EGTC<\/strong> \u2013 <a href=\"http:\/\/btc-egtc.eu\/hu\/\">www.btc-egtc.eu\/hu\/<\/a><br \/>\nEur\u00f3pai ter\u00fcleti egy\u00fcttm\u0171k\u00f6d\u00e9si csoportosul\u00e1s.<\/li>\n<\/ul>\n<ul>\n<li><strong>Vojvodinaweb.com<\/strong> &#8211; <a href=\"http:\/\/www.vojvodinaweb.com\/index.php?onama=1\">http:\/\/www.vojvodinaweb.com\/index.php?onama=1<\/a><strong><br \/>\n<\/strong>Kereslet \u00e9s k\u00edn\u00e1lat egy helyen &#8211; gazdas\u00e1gi t\u00e1rsas\u00e1gok adatb\u00e1zisa<\/li>\n<\/ul>\n<p>&nbsp;<\/p>\n<ul>\n<li><strong>Panonreg<\/strong> &#8211; <a href=\"http:\/\/panonreg.rs\/\">http:\/\/panonreg.rs\/<\/a><strong><br \/>\n<\/strong>Region\u00e1lis Fejleszt\u00e9si \u00dcgyn\u00f6ks\u00e9g<\/li>\n<\/ul>\n","protected":false},"excerpt":{"rendered":"<p>A Szerb K\u00f6zt\u00e1rsas\u00e1g Korm\u00e1nya \u2013 www.srbija.gov.rs Vajdas\u00e1g Auton\u00f3m Tartom\u00e1ny Korm\u00e1nya \u2013 www.vojvodina.gov.rs Magyarkanizsa k\u00f6zs\u00e9g \u2013 www.kanjiza.rs Magyarkanizsa k\u00f6zs\u00e9g hivatalos honlapja. CNESA OMI \u2013 www.cnesa.rs Oktat\u00e1si \u00e9s M\u0171vel\u0151d\u00e9si Int\u00e9zm\u00e9ny Vajdas\u00e1g Fejleszt\u00e9si \u00dcgyn\u00f6ks\u00e9ge \u2013 http:\/\/rav.org.rs RCR \u201eBanat\u201c \u2013 www.banat.rs Region\u00e1lis gazdas\u00e1gfejleszt\u00e9si int\u00e9zm\u00e9ny SKGO \u2013 www.skgo.org V\u00e1rosok \u00e9s K\u00f6zs\u00e9gek \u00c1lland\u00f3 \u00c9rtekezlete \u2013 A helyi \u00e9rdekek k\u00e9pviselete a strat\u00e9giai [&hellip;]<\/p>\n","protected":false},"author":2,"featured_media":0,"parent":458,"menu_order":6,"comment_status":"closed","ping_status":"closed","template":"template-1column.php","meta":{"footnotes":""},"class_list":["post-3157","page","type-page","status-publish","hentry"],"_links":{"self":[{"href":"http:\/\/www.icr.rs\/m\/wp-json\/wp\/v2\/pages\/3157","targetHints":{"allow":["GET"]}}],"collection":[{"href":"http:\/\/www.icr.rs\/m\/wp-json\/wp\/v2\/pages"}],"about":[{"href":"http:\/\/www.icr.rs\/m\/wp-json\/wp\/v2\/types\/page"}],"author":[{"embeddable":true,"href":"http:\/\/www.icr.rs\/m\/wp-json\/wp\/v2\/users\/2"}],"replies":[{"embeddable":true,"href":"http:\/\/www.icr.rs\/m\/wp-json\/wp\/v2\/comments?post=3157"}],"version-history":[{"count":12,"href":"http:\/\/www.icr.rs\/m\/wp-json\/wp\/v2\/pages\/3157\/revisions"}],"predecessor-version":[{"id":4494,"href":"http:\/\/www.icr.rs\/m\/wp-json\/wp\/v2\/pages\/3157\/revisions\/4494"}],"up":[{"embeddable":true,"href":"http:\/\/www.icr.rs\/m\/wp-json\/wp\/v2\/pages\/458"}],"wp:attachment":[{"href":"http:\/\/www.icr.rs\/m\/wp-json\/wp\/v2\/media?parent=3157"}],"curies":[{"name":"wp","href":"https:\/\/api.w.org\/{rel}","templated":true}]}}