{"id":2369,"date":"2011-05-24T10:57:06","date_gmt":"2011-05-24T08:57:06","guid":{"rendered":"http:\/\/www.icr.rs\/m\/?page_id=2369"},"modified":"2011-05-24T10:57:06","modified_gmt":"2011-05-24T08:57:06","slug":"bethlen-gabor-alap","status":"publish","type":"page","link":"http:\/\/www.icr.rs\/m\/projektek\/bethlen-gabor-alap\/","title":{"rendered":"BETHLEN G\u00c1BOR ALAP"},"content":{"rendered":"<p><strong>ECDL \u2013 k\u00e9pz\u00e9s<\/strong><\/p>\n<p><strong>A Tisza Menti Inform\u00e1ci\u00f3s Fejleszt\u00e9si K\u00f6zpont 2010-ben sikeresen p\u00e1ly\u00e1zott<\/strong> a kor\u00e1bbi magyarorsz\u00e1gi Sz\u00fcl\u0151f\u00f6ld Alapn\u00e1l, mostani nev\u00e9n a<strong> Bethlen G\u00e1bor Alapn\u00e1<\/strong>l \u00e9s nyert t\u00e1mogat\u00e1st az \u201eECDL oktat\u00e1s \u00f6nkorm\u00e1nyzati int\u00e9zm\u00e9nyek dolgoz\u00f3i r\u00e9sz\u00e9re\u201d c\u00edm\u0171 projektum\u00e1nak megval\u00f3s\u00edt\u00e1s\u00e1hoz.<\/p>\n<p>A folyamatosan fejl\u0151d\u0151 technika arra k\u00e9sztet mindenkit, hogy tud\u00e1s\u00e1t karban tartsa \u00e9s tov\u00e1bb fejlessze. Az ECDL vizsga jelent\u0151s\u00e9ge a k\u00f6zigazgat\u00e1sban ma m\u00e1r k\u00f6zismert.<\/p>\n<p><strong>Az ECDL c\u00e9lja,<\/strong> hogy emelje az \u00e1ltal\u00e1nos sz\u00e1m\u00edt\u00e1stechnikai tud\u00e1sszintet az \u00fcgyviteli munk\u00e1ban, fokozza a sz\u00e1m\u00edt\u00f3g\u00e9ppel dolgoz\u00f3k munk\u00e1j\u00e1nak hat\u00e9konys\u00e1g\u00e1t \u00e9s megismertesse a felhaszn\u00e1l\u00f3kat a legjobb \u00e9s a legmagasabb sz\u00ednvonal\u00fa m\u00f3dszerekkel.<\/p>\n<p>Magyarkanizsa k\u00f6zs\u00e9g \u00f6nkorm\u00e1nyzata \u00e9s int\u00e9zm\u00e9nyei dolgoz\u00f3inak r\u00e9sz\u00e9re (15 f\u0151) az 5 h\u00f3napos, 96 \u00f3r\u00e1s ECDL felz\u00e1rk\u00f3ztat\u00f3 informatikai k\u00e9pz\u00e9s a k\u00f6vetkez\u0151 modulokat \u00f6leli fel:<br \/>\n&#8211; Oper\u00e1ci\u00f3s rendszerek<br \/>\n&#8211; Sz\u00f6vegszerkeszt\u00e9s<br \/>\n&#8211; T\u00e1bl\u00e1zatkezel\u00e9s<br \/>\n&#8211; Inform\u00e1ci\u00f3 \u00e9s kommunik\u00e1ci\u00f3<\/p>\n<p><strong>A k\u00e9pz\u00e9s c\u00e9lja<\/strong>, hogy a r\u00e9sztvev\u0151k elsaj\u00e1t\u00edts\u00e1k a szem\u00e9lyi sz\u00e1m\u00edt\u00f3g\u00e9p \u00e9s oper\u00e1ci\u00f3s rendszerek haszn\u00e1lat\u00e1val kapcsolatos alapvet\u0151 ismereteket, k\u00e9pesek legyenek a mindennapi irodai\/\u00fcgyint\u00e9z\u0151i feladatokhoz kapcsol\u00f3d\u00f3 sz\u00f6vegszerkeszt\u00e9si \u00e9s t\u00e1bl\u00e1zatkezel\u00e9si feladatok megold\u00e1s\u00e1ra.<\/p>\n<p>Egy-egy modul v\u00e9g\u00e9n a hallgat\u00f3k sz\u00e1mot adnak a k\u00e9pz\u00e9s sor\u00e1n elsaj\u00e1t\u00edtott tud\u00e1sukr\u00f3l, m\u00edg a k\u00e9pz\u00e9s v\u00e9gezt\u00e9vel mind a n\u00e9gy tananyagb\u00f3l z\u00e1r\u00f3vizsg\u00e1t tesznek. A z\u00e1r\u00f3vizsg\u00e1t sikeresen teljes\u00edt\u0151k tan\u00fas\u00edtv\u00e1nyt kapnak. A nemzetk\u00f6zi ECDL ir\u00e1nyelveknek \u00e9s k\u00f6vetelm\u00e9nyeknek megfelel\u0151en mind a k\u00e9pz\u00e9st, mind pedig a vizsgatesztek jav\u00edt\u00e1s\u00e1t ECDL akkredit\u00e1ci\u00f3val rendelkez\u0151 el\u0151ad\u00f3 \u00e9s vizsg\u00e1ztat\u00f3 v\u00e9gzi.<\/p>\n<p><strong>A k\u00e9pz\u00e9s koordin\u00e1tora \u00e9s lebonyol\u00edt\u00f3ja a Tisza Menti Inform\u00e1ci\u00f3s Fejleszt\u00e9si K\u00f6zpont.<\/strong><\/p>\n<p>A c\u00e9lok megval\u00f3s\u00edt\u00e1s\u00e1val emelkedik az \u00f6nkorm\u00e1nyzat \u00e9s az \u00f6nkorm\u00e1nyzati int\u00e9zm\u00e9nyek dolgoz\u00f3inak informatikai tud\u00e1sa, n\u00f6vekedik a sikeres ECDL vizsg\u00e1t tett k\u00f6ztisztvisel\u0151k sz\u00e1ma, emelkedik az \u00e1ltal\u00e1nos sz\u00e1m\u00edt\u00e1stechnikai tud\u00e1sszint az \u00fcgyviteli munk\u00e1ban \u00e9s optimaliz\u00e1l\u00f3dik a hum\u00e1ner\u0151forr\u00e1s felhaszn\u00e1l\u00e1sa a helyi k\u00f6zigazgat\u00e1sban.<\/p>\n<p>&#8211; Az ECDL- k\u00e9pz\u00e9s m\u00e1rcius 07-\u00e9n kezd\u0151d\u00f6tt \u00e9s j\u00fanius 13..ig tart.<br \/>\n&#8211; K\u00e9pz\u00e9s: heti 1 alkalom x 4 \u00f3ra<br \/>\n&#8211; A k\u00e9pz\u00e9sen a k\u00f6vetkez\u0151 int\u00e9zm\u00e9nyek dolgoz\u00f3i vesznek r\u00e9szt:<br \/>\n&#8211; K\u00f6zs\u00e9gi K\u00f6zigazgat\u00e1si Hivatal<br \/>\n&#8211; Diszp\u00e9cser Kft.<br \/>\n&#8211; Helyi K\u00f6z\u00f6ss\u00e9g Kispiac<br \/>\n&#8211; Helyi K\u00f6z\u00f6ss\u00e9g T\u00f3thfalu<br \/>\n&#8211; K\u00f6zs\u00e9gi Tan\u00e1cs<br \/>\n&#8211; K\u00f6zs\u00e9gi K\u00e9pvisel\u0151-test\u00fclet<br \/>\n&#8211; OMI Cnesa<br \/>\n&#8211; Info-Kanjiza<br \/>\n&#8211; Szoci\u00e1lis V\u00e9delmi Szolg\u00e1ltat\u00f3 K\u00f6zpont<\/p>\n\n<div uk-grid class=\"uk-child-width-1-3\">\n\n            <div class='uk-text-center'>\n\n            \n            <a href='http:\/\/www.icr.rs\/m\/projektek\/bethlen-gabor-alap\/attachment\/3\/'><img loading=\"lazy\" decoding=\"async\" width=\"150\" height=\"150\" src=\"http:\/\/www.icr.rs\/m\/wp-content\/uploads\/2011\/05\/3-150x150.jpg\" class=\"attachment-thumbnail size-thumbnail\" alt=\"\" srcset=\"http:\/\/www.icr.rs\/m\/wp-content\/uploads\/2011\/05\/3-150x150.jpg 150w, http:\/\/www.icr.rs\/m\/wp-content\/uploads\/2011\/05\/3-50x50.jpg 50w\" sizes=\"auto, (max-width: 150px) 100vw, 150px\" \/><\/a>\n            \n        <\/div>\n            <div class='uk-text-center'>\n\n            \n            <a href='http:\/\/www.icr.rs\/m\/projektek\/bethlen-gabor-alap\/attachment\/1\/'><img loading=\"lazy\" decoding=\"async\" width=\"150\" height=\"150\" src=\"http:\/\/www.icr.rs\/m\/wp-content\/uploads\/2011\/05\/1-150x150.jpg\" class=\"attachment-thumbnail size-thumbnail\" alt=\"\" srcset=\"http:\/\/www.icr.rs\/m\/wp-content\/uploads\/2011\/05\/1-150x150.jpg 150w, http:\/\/www.icr.rs\/m\/wp-content\/uploads\/2011\/05\/1-50x50.jpg 50w\" sizes=\"auto, (max-width: 150px) 100vw, 150px\" \/><\/a>\n            \n        <\/div>\n            <div class='uk-text-center'>\n\n            \n            <a href='http:\/\/www.icr.rs\/m\/projektek\/bethlen-gabor-alap\/attachment\/2\/'><img loading=\"lazy\" decoding=\"async\" width=\"150\" height=\"150\" src=\"http:\/\/www.icr.rs\/m\/wp-content\/uploads\/2011\/05\/2-150x150.jpg\" class=\"attachment-thumbnail size-thumbnail\" alt=\"\" srcset=\"http:\/\/www.icr.rs\/m\/wp-content\/uploads\/2011\/05\/2-150x150.jpg 150w, http:\/\/www.icr.rs\/m\/wp-content\/uploads\/2011\/05\/2-50x50.jpg 50w\" sizes=\"auto, (max-width: 150px) 100vw, 150px\" \/><\/a>\n            \n        <\/div>\n    \n<\/div>\n\n","protected":false},"excerpt":{"rendered":"<p>ECDL \u2013 k\u00e9pz\u00e9s A Tisza Menti Inform\u00e1ci\u00f3s Fejleszt\u00e9si K\u00f6zpont 2010-ben sikeresen p\u00e1ly\u00e1zott a kor\u00e1bbi magyarorsz\u00e1gi Sz\u00fcl\u0151f\u00f6ld Alapn\u00e1l, mostani nev\u00e9n a Bethlen G\u00e1bor Alapn\u00e1l \u00e9s nyert t\u00e1mogat\u00e1st az \u201eECDL oktat\u00e1s \u00f6nkorm\u00e1nyzati int\u00e9zm\u00e9nyek dolgoz\u00f3i r\u00e9sz\u00e9re\u201d c\u00edm\u0171 projektum\u00e1nak megval\u00f3s\u00edt\u00e1s\u00e1hoz. A folyamatosan fejl\u0151d\u0151 technika arra k\u00e9sztet mindenkit, hogy tud\u00e1s\u00e1t karban tartsa \u00e9s tov\u00e1bb fejlessze. Az ECDL vizsga jelent\u0151s\u00e9ge a [&hellip;]<\/p>\n","protected":false},"author":2,"featured_media":0,"parent":2096,"menu_order":0,"comment_status":"closed","ping_status":"open","template":"","meta":{"footnotes":""},"class_list":["post-2369","page","type-page","status-publish","hentry"],"_links":{"self":[{"href":"http:\/\/www.icr.rs\/m\/wp-json\/wp\/v2\/pages\/2369","targetHints":{"allow":["GET"]}}],"collection":[{"href":"http:\/\/www.icr.rs\/m\/wp-json\/wp\/v2\/pages"}],"about":[{"href":"http:\/\/www.icr.rs\/m\/wp-json\/wp\/v2\/types\/page"}],"author":[{"embeddable":true,"href":"http:\/\/www.icr.rs\/m\/wp-json\/wp\/v2\/users\/2"}],"replies":[{"embeddable":true,"href":"http:\/\/www.icr.rs\/m\/wp-json\/wp\/v2\/comments?post=2369"}],"version-history":[{"count":1,"href":"http:\/\/www.icr.rs\/m\/wp-json\/wp\/v2\/pages\/2369\/revisions"}],"predecessor-version":[{"id":2373,"href":"http:\/\/www.icr.rs\/m\/wp-json\/wp\/v2\/pages\/2369\/revisions\/2373"}],"up":[{"embeddable":true,"href":"http:\/\/www.icr.rs\/m\/wp-json\/wp\/v2\/pages\/2096"}],"wp:attachment":[{"href":"http:\/\/www.icr.rs\/m\/wp-json\/wp\/v2\/media?parent=2369"}],"curies":[{"name":"wp","href":"https:\/\/api.w.org\/{rel}","templated":true}]}}