{"id":10,"date":"2010-07-18T02:07:03","date_gmt":"2010-07-18T00:07:03","guid":{"rendered":"http:\/\/www.icr.rs\/e\/"},"modified":"2024-09-26T10:19:17","modified_gmt":"2024-09-26T08:19:17","slug":"icr-staff","status":"publish","type":"page","link":"http:\/\/www.icr.rs\/e\/about-us\/icr-staff\/","title":{"rendered":"ICR Staff"},"content":{"rendered":"<ul>\n<li>\n<p>        <img decoding=\"async\" src=\"http:\/\/www.icr.rs\/wp-content\/themes\/yootheme\/cache\/bd\/kristina-bdb5a631.webp\" alt=\"\"><\/p>\n<h3>Kristina Molnar Makai<\/h3>\n<div>\n<p><strong>KRISTINA MOLNAR MAKAI<\/strong>,<\/p>\n<p>SME Development Advisor<\/p>\n<p>Born: 16.10.1975. in Kula, Serbia<\/p>\n<p>E-mail: kristina@icr.rs<\/p>\n<p>EDUCATION:<\/p>\n<p>\u2013 Technical High School Kanjiza 1990-1994<\/p>\n<p>\u2013 Agricultural University G\u00f6d\u00f6ll\u0151 1994-1999<\/p>\n<p>WORK EXPERIENCE:<\/p>\n<p>\u2013 Local self-government Kanjiza, as information officer, economy officer and inspector of environmental protection<\/p>\n<p>-SME Development Advisor in the Centre for Information and Development<\/p>\n<p>KNOWLEDGE OF LANGUAGES:<\/p>\n<p>\u2013 Hungarian (mother tongue)<\/p>\n<p>\u2013 Serbian (higher level)<\/p>\n<p>\u2013 English (mid level)<\/p>\n<p>COMPUTER SKILLS AND OTHER COMPETENCES:<\/p>\n<p>\u2013 A high level of computer skills (Word, Excel, Power Point) and Internet<\/p>\n<p>\u2013 Communicational and presentational skills<\/p>\n<\/div>\n<\/li>\n<li>\n<p>        <img decoding=\"async\" src=\"http:\/\/www.icr.rs\/wp-content\/themes\/yootheme\/cache\/73\/laslo-7345aead.webp\" alt=\"\"><\/p>\n<h3>Laslo Vigi<\/h3>\n<div>\n<p><strong>LASLO VIGI<\/strong>,<\/p>\n<p><strong>Project Manager for\u00a0International Projects<\/strong><\/p>\n<p>Date of birth: 2nd October 1984.<\/p>\n<p>E-Mail: <a href=\"mailto:vigi@icr.rs\">vigi@icr.rs<\/a><\/p>\n<p>Education:<\/p>\n<p>Gimnazija Be\u010dej<\/p>\n<p>Faculty of Philosophy, Department of English Language and Literature, Novi Sad<\/p>\n<p>Work experience<\/p>\n<p>\u2013\u00a0\u00a0\u00a0\u00a0\u00a0\u00a0\u00a0\u00a0\u00a0 Teacher of English in the school year of 2009\/2010, in \u0160amu Mihalj Elementary, Be\u010dej<\/p>\n<p>\u2013\u00a0\u00a0\u00a0\u00a0\u00a0\u00a0\u00a0\u00a0\u00a0 Former editor of the youth weekly <em>K\u00e9pes Ifj\u00fas\u00e1g <\/em>(2010-2011)<\/p>\n<p>\u2013\u00a0\u00a0\u00a0\u00a0\u00a0\u00a0\u00a0\u00a0\u00a0 Freelance journalist at <em>Magyar Sz\u00f3<\/em> and <em>K\u00e9pes Ifj\u00fas\u00e1g<\/em><\/p>\n<p>\u2013\u00a0\u00a0\u00a0\u00a0\u00a0\u00a0\u00a0\u00a0\u00a0 LAF Study Tour in Brusselles on the Conservation of Cultural Heritage (3-5th October 2011)<\/p>\n<p>Knowledge of Languages:<\/p>\n<p>Hungarian (mother tongue)<\/p>\n<p>Serbian (proficient)<\/p>\n<p>English (proficient)<\/p>\n<p>German (intermediate)<\/p>\n<p>COMPUTER SKILLS AND OTHER COMPETENCES:<\/p>\n<p>\u2013 A high level of computer skills (Microsoft Office software package, Open Office software package, Ubuntu 10.10 and later, internet browsers), skilled in using translation softwares<\/p>\n<p>\u2013 Knowledge of the following documents:<\/p>\n<ul>\n<li>Practical Guide to contract procedures for EC external actions<\/li>\n<li>Programme Document of the Hungary-Serbia IPA Cross-border Co-operation Programme<\/li>\n<li>Project Implementation Handbook for the Hungary-Serbia IPA Cross-border Co-operation Programme.<\/li>\n<li>Guidelines for Implementing Information and Publicity Requirements for the Projects Hungary-\u00a0 Serbia IPA Cross-border Co-operation Programme<\/li>\n<li>Control Guidelines for the Hungary-Serbia IPA Cross-border Co-operation Programme<\/li>\n<\/ul>\n<p>\u2013 Driver\u2019s licence for B<\/p>\n<\/div>\n<\/li>\n<li>\n<p>        <img decoding=\"async\" src=\"http:\/\/www.icr.rs\/wp-content\/themes\/yootheme\/cache\/cc\/dragana-cc5be806.webp\" alt=\"\"><\/p>\n<h3>Dragana Luki\u0107 Bo\u0161njak<\/h3>\n<div>\n<p><strong>DRAGANA LUKI\u0106 BO\u0160NJAK<\/strong>,<\/p>\n<p>International Project Assistant<\/p>\n<p>Born: 13.01.1980. in Senta, Serbia<\/p>\n<p>E-mail: dragana@icr.rs<\/p>\n<p>EDUCATION:<\/p>\n<p>\u2013 Gimnazija Senta<\/p>\n<p>\u2013 International University in Novi Pazar<\/p>\n<p>\u2013 English language and literature<\/p>\n<p>WORK EXPERIENCE:<\/p>\n<p>\u2013 \u201eJovan Jovanovi\u0107 Zmaj\u201d Primary School, Kanji\u017ea,<\/p>\n<p>\u2013 International Project Assistant, ICR Kanji\u017ea<\/p>\n<p>KNOWLEDGE OF LANGUAGES:<\/p>\n<p>\u2013 Serbian (mother tongue)<\/p>\n<p>\u2013 Hungarian (advanced)<\/p>\n<p>\u2013 English (profficient)<\/p>\n<p>COMPUTER SKILLS AND OTHER COMPETENCES:<\/p>\n<p>\u2013 A high level of computer skills (Word, Excel, Power Point) and Internet<\/p>\n<p>\u2013 Communicative and presentational skills<\/p>\n<\/div>\n<\/li>\n<\/ul>\n<p><!--more--><br \/>\n<!-- {\"type\":\"layout\",\"children\":[{\"type\":\"section\",\"props\":{\"image_position\":\"center-center\",\"style\":\"default\",\"title_breakpoint\":\"xl\",\"title_position\":\"top-left\",\"title_rotation\":\"left\",\"vertical_align\":\"middle\",\"width\":\"default\"},\"children\":[{\"type\":\"row\",\"children\":[{\"type\":\"column\",\"props\":{\"image_position\":\"center-center\",\"position_sticky_breakpoint\":\"m\"},\"children\":[{\"type\":\"accordion\",\"props\":{\"collapsible\":true,\"content_column_breakpoint\":\"m\",\"image_align\":\"top\",\"image_grid_breakpoint\":\"m\",\"image_grid_width\":\"1-2\",\"image_svg_color\":\"emphasis\",\"link_style\":\"default\",\"link_text\":\"Read more\",\"show_image\":true,\"show_link\":true},\"children\":[{\"type\":\"accordion_item\",\"props\":{\"content\":\"\n\n<p><strong>KRISTINA MOLNAR MAKAI<\\\/strong>,<\\\/p>\\n\n\n<p>SME Development Advisor<\\\/p>\\n\n\n<p>Born: 16.10.1975. in Kula, Serbia<\\\/p>\\n\n\n<p>E-mail: kristina@icr.rs<\\\/p>\\n\n\n<p>EDUCATION:<\\\/p>\\n\n\n<p>\\u2013 Technical High School Kanjiza 1990-1994<\\\/p>\\n\n\n<p>\\u2013 Agricultural University G\\u00f6d\\u00f6ll\\u0151 1994-1999<\\\/p>\\n\n\n<p>WORK EXPERIENCE:<\\\/p>\\n\n\n<p>\\u2013 Local self-government Kanjiza, as information officer, economy officer and inspector of environmental protection<\\\/p>\\n\n\n<p>-SME Development Advisor in the Centre for Information and Development<\\\/p>\\n\n\n<p>KNOWLEDGE OF LANGUAGES:<\\\/p>\\n\n\n<p>\\u2013 Hungarian (mother tongue)<\\\/p>\\n\n\n<p>\\u2013 Serbian (higher level)<\\\/p>\\n\n\n<p>\\u2013 English (mid level)<\\\/p>\\n\n\n<p>COMPUTER SKILLS AND OTHER COMPETENCES:<\\\/p>\\n\n\n<p>\\u2013 A high level of computer skills (Word, Excel, Power Point) and Internet<\\\/p>\\n\n\n<p>\\u2013 Communicational and presentational skills<\\\/p>\",\"image\":\"http:\\\/\\\/www.icr.rs\\\/wp-content\\\/themes\\\/yootheme\\\/cache\\\/bd\\\/kristina-bdb5a631.webp\",\"title\":\"Kristina Molnar Makai\"}},{\"type\":\"accordion_item\",\"props\":{\"content\":\"\n\n<p><strong>LASLO VIGI<\\\/strong>,<\\\/p>\\n\n\n<p><strong>Project Manager for\\u00a0International Projects<\\\/strong><\\\/p>\\n\n\n<p>Date of birth: 2nd October 1984.<\\\/p>\\n\n\n<p>E-Mail: <a href=\\\"mailto:vigi@icr.rs\\\">vigi@icr.rs<\\\/a><\\\/p>\\n\n\n<p>Education:<\\\/p>\\n\n\n<p>Gimnazija Be\\u010dej<\\\/p>\\n\n\n<p>Faculty of Philosophy, Department of English Language and Literature, Novi Sad<\\\/p>\\n\n\n<p>Work experience<\\\/p>\\n\n\n<p>\\u2013\\u00a0\\u00a0\\u00a0\\u00a0\\u00a0\\u00a0\\u00a0\\u00a0\\u00a0 Teacher of English in the school year of 2009\\\/2010, in \\u0160amu Mihalj Elementary, Be\\u010dej<\\\/p>\\n\n\n<p>\\u2013\\u00a0\\u00a0\\u00a0\\u00a0\\u00a0\\u00a0\\u00a0\\u00a0\\u00a0 Former editor of the youth weekly <em>K\\u00e9pes Ifj\\u00fas\\u00e1g <\\\/em>(2010-2011)<\\\/p>\\n\n\n<p>\\u2013\\u00a0\\u00a0\\u00a0\\u00a0\\u00a0\\u00a0\\u00a0\\u00a0\\u00a0 Freelance journalist at <em>Magyar Sz\\u00f3<\\\/em> and <em>K\\u00e9pes Ifj\\u00fas\\u00e1g<\\\/em><\\\/p>\\n\n\n<p>\\u2013\\u00a0\\u00a0\\u00a0\\u00a0\\u00a0\\u00a0\\u00a0\\u00a0\\u00a0 LAF Study Tour in Brusselles on the Conservation of Cultural Heritage (3-5th October 2011)<\\\/p>\\n\n\n<p>Knowledge of Languages:<\\\/p>\\n\n\n<p>Hungarian (mother tongue)<\\\/p>\\n\n\n<p>Serbian (proficient)<\\\/p>\\n\n\n<p>English (proficient)<\\\/p>\\n\n\n<p>German (intermediate)<\\\/p>\\n\n\n<p>COMPUTER SKILLS AND OTHER COMPETENCES:<\\\/p>\\n\n\n<p>\\u2013 A high level of computer skills (Microsoft Office software package, Open Office software package, Ubuntu 10.10 and later, internet browsers), skilled in using translation softwares<\\\/p>\\n\n\n<p>\\u2013 Knowledge of the following documents:<\\\/p>\\n\n\n<ul>\\n\n\n<li>Practical Guide to contract procedures for EC external actions<\\\/li>\\n\n\n<li>Programme Document of the Hungary-Serbia IPA Cross-border Co-operation Programme<\\\/li>\\n\n\n<li>Project Implementation Handbook for the Hungary-Serbia IPA Cross-border Co-operation Programme.<\\\/li>\\n\n\n<li>Guidelines for Implementing Information and Publicity Requirements for the Projects Hungary-\\u00a0 Serbia IPA Cross-border Co-operation Programme<\\\/li>\\n\n\n<li>Control Guidelines for the Hungary-Serbia IPA Cross-border Co-operation Programme<\\\/li>\\n<\\\/ul>\\n\n\n<p>\\u2013 Driver\\u2019s licence for B<\\\/p>\",\"image\":\"http:\\\/\\\/www.icr.rs\\\/wp-content\\\/themes\\\/yootheme\\\/cache\\\/73\\\/laslo-7345aead.webp\",\"title\":\"Laslo Vigi\"}},{\"type\":\"accordion_item\",\"props\":{\"content\":\"\n\n<p><strong>DRAGANA LUKI\\u0106 BO\\u0160NJAK<\\\/strong>,<\\\/p>\\n\n\n<p>International Project Assistant<\\\/p>\\n\n\n<p>Born: 13.01.1980. in Senta, Serbia<\\\/p>\\n\n\n<p>E-mail: dragana@icr.rs<\\\/p>\\n\n\n<p>EDUCATION:<\\\/p>\\n\n\n<p>\\u2013 Gimnazija Senta<\\\/p>\\n\n\n<p>\\u2013 International University in Novi Pazar<\\\/p>\\n\n\n<p>\\u2013 English language and literature<\\\/p>\\n\n\n<p>WORK EXPERIENCE:<\\\/p>\\n\n\n<p>\\u2013 \\u201eJovan Jovanovi\\u0107 Zmaj\\u201d Primary School, Kanji\\u017ea,<\\\/p>\\n\n\n<p>\\u2013 International Project Assistant, ICR Kanji\\u017ea<\\\/p>\\n\n\n<p>KNOWLEDGE OF LANGUAGES:<\\\/p>\\n\n\n<p>\\u2013 Serbian (mother tongue)<\\\/p>\\n\n\n<p>\\u2013 Hungarian (advanced)<\\\/p>\\n\n\n<p>\\u2013 English (profficient)<\\\/p>\\n\n\n<p>COMPUTER SKILLS AND OTHER COMPETENCES:<\\\/p>\\n\n\n<p>\\u2013 A high level of computer skills (Word, Excel, Power Point) and Internet<\\\/p>\\n\n\n<p>\\u2013 Communicative and presentational skills<\\\/p>\",\"image\":\"http:\\\/\\\/www.icr.rs\\\/wp-content\\\/themes\\\/yootheme\\\/cache\\\/cc\\\/dragana-cc5be806.webp\",\"title\":\"Dragana Luki\\u0107 Bo\\u0161njak\"}}]}]}]}]}],\"version\":\"4.4.7\"} --><\/p>\n","protected":false},"excerpt":{"rendered":"<p>Kristina Molnar Makai KRISTINA MOLNAR MAKAI, SME Development Advisor Born: 16.10.1975. in Kula, Serbia E-mail: kristina@icr.rs EDUCATION: \u2013 Technical High School Kanjiza 1990-1994 \u2013 Agricultural University G\u00f6d\u00f6ll\u0151 1994-1999 WORK EXPERIENCE: \u2013 Local self-government Kanjiza, as information officer, economy officer and inspector of environmental protection -SME Development Advisor in the Centre for Information and Development KNOWLEDGE [&hellip;]<\/p>\n","protected":false},"author":101011,"featured_media":0,"parent":6,"menu_order":0,"comment_status":"closed","ping_status":"open","template":"","meta":{"footnotes":""},"class_list":["post-10","page","type-page","status-publish","hentry"],"_links":{"self":[{"href":"http:\/\/www.icr.rs\/e\/wp-json\/wp\/v2\/pages\/10"}],"collection":[{"href":"http:\/\/www.icr.rs\/e\/wp-json\/wp\/v2\/pages"}],"about":[{"href":"http:\/\/www.icr.rs\/e\/wp-json\/wp\/v2\/types\/page"}],"author":[{"embeddable":true,"href":"http:\/\/www.icr.rs\/e\/wp-json\/wp\/v2\/users\/101011"}],"replies":[{"embeddable":true,"href":"http:\/\/www.icr.rs\/e\/wp-json\/wp\/v2\/comments?post=10"}],"version-history":[{"count":30,"href":"http:\/\/www.icr.rs\/e\/wp-json\/wp\/v2\/pages\/10\/revisions"}],"predecessor-version":[{"id":264,"href":"http:\/\/www.icr.rs\/e\/wp-json\/wp\/v2\/pages\/10\/revisions\/264"}],"up":[{"embeddable":true,"href":"http:\/\/www.icr.rs\/e\/wp-json\/wp\/v2\/pages\/6"}],"wp:attachment":[{"href":"http:\/\/www.icr.rs\/e\/wp-json\/wp\/v2\/media?parent=10"}],"curies":[{"name":"wp","href":"https:\/\/api.w.org\/{rel}","templated":true}]}}