{"id":77,"date":"2013-11-06T14:35:22","date_gmt":"2013-11-06T13:35:22","guid":{"rendered":"http:\/\/www.icr.rs\/d\/?page_id=77"},"modified":"2024-09-26T10:01:11","modified_gmt":"2024-09-26T08:01:11","slug":"unterstutzung-durch-experten","status":"publish","type":"page","link":"http:\/\/www.icr.rs\/d\/kmu-entwicklung\/unterstutzung-durch-experten\/","title":{"rendered":"Unterst\u00fctzung durch Experten"},"content":{"rendered":"<p><a href=\"http:\/\/www.icr.rs\/d\/wp-content\/uploads\/2013\/11\/kosuljica-300x200.jpg\"><img loading=\"lazy\" decoding=\"async\" class=\"alignnone wp-image-78 size-full\" title=\"Photo Aleksandar Oklobd\u017eija\" src=\"http:\/\/www.icr.rs\/d\/wp-content\/uploads\/2013\/11\/kosuljica-300x200.jpg\" alt=\"kosuljica-300x200\" width=\"300\" height=\"200\" \/><\/a><\/p>\n<p><strong>Unterst\u00fctzung durch Experten<\/strong><\/p>\n<p>Abgesehen von einem Low-Cost-B\u00fcro-, Hilfs-Internetzugang, Telefonanschluss, sind die Unternehmer spezialisierte Berater f\u00fcr drei wichtige Themen. Die Experten, die wir f\u00fcr die Assistenz der Nutzer unseres Programms engagiert haben, sind erfahrene und geschickte Spezialisten in ihren Fachgebieten.<\/p>\n<p><strong>Die Assistenten sind:<\/strong><\/p>\n<p><strong>Wirtschafts- und Steuerberater \u2013 Judit Kasa\u0161<\/strong><br \/>\n<strong> Rechtsberater \u2013 Marija Pakai Major<\/strong><br \/>\n<strong> Marketing und Design-Berater \u2013 Borb\u00e1la Holo<\/strong><\/p>\n<p>Jeder hat sich selbst verpflichtet, jedem der Nutzer des Business Inkubators, Unterst\u00fctzung und regelm\u00e4\u00dfige Konsultationen zu geben. Sie nehmen auch die Verantwortung f\u00fcr die Organisation und F\u00fchrung regelm\u00e4\u00dfiger Vortr\u00e4ge und Schulungen, auf sich.<\/p>\n","protected":false},"excerpt":{"rendered":"<p>Unterst\u00fctzung durch Experten Abgesehen von einem Low-Cost-B\u00fcro-, Hilfs-Internetzugang, Telefonanschluss, sind die Unternehmer spezialisierte Berater f\u00fcr drei wichtige Themen. Die Experten, die wir f\u00fcr die Assistenz der Nutzer unseres Programms engagiert haben, sind erfahrene und geschickte Spezialisten in ihren Fachgebieten. Die Assistenten sind: Wirtschafts- und Steuerberater \u2013 Judit Kasa\u0161 Rechtsberater \u2013 Marija Pakai Major Marketing und [&hellip;]<\/p>\n","protected":false},"author":101010,"featured_media":0,"parent":72,"menu_order":0,"comment_status":"closed","ping_status":"open","template":"","meta":{"footnotes":""},"class_list":["post-77","page","type-page","status-publish","hentry"],"_links":{"self":[{"href":"http:\/\/www.icr.rs\/d\/wp-json\/wp\/v2\/pages\/77"}],"collection":[{"href":"http:\/\/www.icr.rs\/d\/wp-json\/wp\/v2\/pages"}],"about":[{"href":"http:\/\/www.icr.rs\/d\/wp-json\/wp\/v2\/types\/page"}],"author":[{"embeddable":true,"href":"http:\/\/www.icr.rs\/d\/wp-json\/wp\/v2\/users\/101010"}],"replies":[{"embeddable":true,"href":"http:\/\/www.icr.rs\/d\/wp-json\/wp\/v2\/comments?post=77"}],"version-history":[{"count":5,"href":"http:\/\/www.icr.rs\/d\/wp-json\/wp\/v2\/pages\/77\/revisions"}],"predecessor-version":[{"id":210,"href":"http:\/\/www.icr.rs\/d\/wp-json\/wp\/v2\/pages\/77\/revisions\/210"}],"up":[{"embeddable":true,"href":"http:\/\/www.icr.rs\/d\/wp-json\/wp\/v2\/pages\/72"}],"wp:attachment":[{"href":"http:\/\/www.icr.rs\/d\/wp-json\/wp\/v2\/media?parent=77"}],"curies":[{"name":"wp","href":"https:\/\/api.w.org\/{rel}","templated":true}]}}